{"id":2485,"date":"2024-03-08T14:00:36","date_gmt":"2024-03-08T13:00:36","guid":{"rendered":"https:\/\/patateetpetitetete.com\/?post_type=product&#038;p=2485"},"modified":"2024-03-08T14:01:22","modified_gmt":"2024-03-08T13:01:22","slug":"mini-mois-juillet-2024","status":"publish","type":"product","link":"https:\/\/patateetpetitetete.com\/index.php\/produit\/mini-mois-juillet-2024\/","title":{"rendered":"Mini mois &#8211; Juillet 2024"},"content":{"rendered":"<p>\u2022 INFOS PRATIQUES<\/p>\n<p>\u2013 Si vous souhaitez commander plus que la quantit\u00e9 disponible affich\u00e9e, n\u2019h\u00e9sitez pas \u00e0 m\u2019\u00e9crire \u2665<\/p>\n<p>\u2013 Tout est fait par mes petites mains, les illustrations, l\u2019impression, la d\u00e9coupe.<\/p>\n<p>\u2013 Les couleurs r\u00e9elles peuvent l\u00e9g\u00e8rement diff\u00e9rer de ce que vous voyez sur l\u2019\u00e9cran.<\/p>\n","protected":false},"excerpt":{"rendered":"<p>Planche Mini mois autocollants.<\/p>\n<p>Il s&rsquo;agit d&rsquo;un format A6 (10,5 cm x 14,8 cm), avec un fini brillant.<\/p>\n","protected":false},"featured_media":2486,"comment_status":"open","ping_status":"closed","template":"","meta":{"ocean_post_layout":"","ocean_both_sidebars_style":"","ocean_both_sidebars_content_width":0,"ocean_both_sidebars_sidebars_width":0,"ocean_sidebar":"0","ocean_second_sidebar":"0","ocean_disable_margins":"enable","ocean_add_body_class":"","ocean_shortcode_before_top_bar":"","ocean_shortcode_after_top_bar":"","ocean_shortcode_before_header":"","ocean_shortcode_after_header":"","ocean_has_shortcode":"","ocean_shortcode_after_title":"","ocean_shortcode_before_footer_widgets":"","ocean_shortcode_after_footer_widgets":"","ocean_shortcode_before_footer_bottom":"","ocean_shortcode_after_footer_bottom":"","ocean_display_top_bar":"default","ocean_display_header":"default","ocean_header_style":"","ocean_center_header_left_menu":"0","ocean_custom_header_template":"0","ocean_custom_logo":0,"ocean_custom_retina_logo":0,"ocean_custom_logo_max_width":0,"ocean_custom_logo_tablet_max_width":0,"ocean_custom_logo_mobile_max_width":0,"ocean_custom_logo_max_height":0,"ocean_custom_logo_tablet_max_height":0,"ocean_custom_logo_mobile_max_height":0,"ocean_header_custom_menu":"0","ocean_menu_typo_font_family":"0","ocean_menu_typo_font_subset":"","ocean_menu_typo_font_size":0,"ocean_menu_typo_font_size_tablet":0,"ocean_menu_typo_font_size_mobile":0,"ocean_menu_typo_font_size_unit":"px","ocean_menu_typo_font_weight":"","ocean_menu_typo_font_weight_tablet":"","ocean_menu_typo_font_weight_mobile":"","ocean_menu_typo_transform":"","ocean_menu_typo_transform_tablet":"","ocean_menu_typo_transform_mobile":"","ocean_menu_typo_line_height":0,"ocean_menu_typo_line_height_tablet":0,"ocean_menu_typo_line_height_mobile":0,"ocean_menu_typo_line_height_unit":"","ocean_menu_typo_spacing":0,"ocean_menu_typo_spacing_tablet":0,"ocean_menu_typo_spacing_mobile":0,"ocean_menu_typo_spacing_unit":"","ocean_menu_link_color":"","ocean_menu_link_color_hover":"","ocean_menu_link_color_active":"","ocean_menu_link_background":"","ocean_menu_link_hover_background":"","ocean_menu_link_active_background":"","ocean_menu_social_links_bg":"","ocean_menu_social_hover_links_bg":"","ocean_menu_social_links_color":"","ocean_menu_social_hover_links_color":"","ocean_disable_title":"default","ocean_disable_heading":"default","ocean_post_title":"","ocean_post_subheading":"","ocean_post_title_style":"","ocean_post_title_background_color":"","ocean_post_title_background":0,"ocean_post_title_bg_image_position":"","ocean_post_title_bg_image_attachment":"","ocean_post_title_bg_image_repeat":"","ocean_post_title_bg_image_size":"","ocean_post_title_height":0,"ocean_post_title_bg_overlay":0.5,"ocean_post_title_bg_overlay_color":"","ocean_disable_breadcrumbs":"default","ocean_breadcrumbs_color":"","ocean_breadcrumbs_separator_color":"","ocean_breadcrumbs_links_color":"","ocean_breadcrumbs_links_hover_color":"","ocean_display_footer_widgets":"default","ocean_display_footer_bottom":"default","ocean_custom_footer_template":"0"},"product_brand":[],"product_cat":[33],"product_tag":[],"class_list":{"0":"post-2485","1":"product","2":"type-product","3":"status-publish","4":"has-post-thumbnail","6":"product_cat-special-bujo-agenda","8":"entry","9":"has-media","11":"first","12":"instock","13":"shipping-taxable","14":"purchasable","15":"product-type-simple","16":"has-product-nav","17":"col","18":"span_1_of_4","19":"owp-content-center","20":"owp-thumbs-layout-horizontal","21":"owp-btn-big","22":"owp-tabs-layout-horizontal","23":"has-no-thumbnails"},"yoast_head":"<!-- This site is optimized with the Yoast SEO plugin v25.7 - https:\/\/yoast.com\/wordpress\/plugins\/seo\/ -->\n<title>Mini mois - Juillet 2024 - Patate et petite t\u00eate<\/title>\n<meta name=\"description\" content=\"Mini mois autocollant pour customiser son bullet journal. Illustration faite \u00e0 l&#039;aquarelle, imprim\u00e9e et d\u00e9coup\u00e9e \u00e0 la main.\" \/>\n<meta name=\"robots\" content=\"index, follow, max-snippet:-1, max-image-preview:large, max-video-preview:-1\" \/>\n<link rel=\"canonical\" href=\"https:\/\/patateetpetitetete.com\/index.php\/produit\/mini-mois-juillet-2024\/\" \/>\n<meta property=\"og:locale\" content=\"fr_FR\" \/>\n<meta property=\"og:type\" content=\"article\" \/>\n<meta property=\"og:title\" content=\"Mini mois - Juillet 2024 - Patate et petite t\u00eate\" \/>\n<meta property=\"og:description\" content=\"Mini mois autocollant pour customiser son bullet journal. Illustration faite \u00e0 l&#039;aquarelle, imprim\u00e9e et d\u00e9coup\u00e9e \u00e0 la main.\" \/>\n<meta property=\"og:url\" content=\"https:\/\/patateetpetitetete.com\/index.php\/produit\/mini-mois-juillet-2024\/\" \/>\n<meta property=\"article:modified_time\" content=\"2024-03-08T13:01:22+00:00\" \/>\n<meta property=\"og:image\" content=\"https:\/\/patateetpetitetete.com\/wp-content\/uploads\/2024\/03\/Mini-mois-Juillet-2024.png\" \/>\n\t<meta property=\"og:image:width\" content=\"621\" \/>\n\t<meta property=\"og:image:height\" content=\"844\" \/>\n\t<meta property=\"og:image:type\" content=\"image\/png\" \/>\n<meta name=\"twitter:card\" content=\"summary_large_image\" \/>\n<meta name=\"twitter:label1\" content=\"Dur\u00e9e de lecture estim\u00e9e\" \/>\n\t<meta name=\"twitter:data1\" content=\"1 minute\" \/>\n<script type=\"application\/ld+json\" class=\"yoast-schema-graph\">{\"@context\":\"https:\/\/schema.org\",\"@graph\":[{\"@type\":\"WebPage\",\"@id\":\"https:\/\/patateetpetitetete.com\/index.php\/produit\/mini-mois-juillet-2024\/\",\"url\":\"https:\/\/patateetpetitetete.com\/index.php\/produit\/mini-mois-juillet-2024\/\",\"name\":\"Mini mois - Juillet 2024 - Patate et petite t\u00eate\",\"isPartOf\":{\"@id\":\"https:\/\/patateetpetitetete.com\/#website\"},\"primaryImageOfPage\":{\"@id\":\"https:\/\/patateetpetitetete.com\/index.php\/produit\/mini-mois-juillet-2024\/#primaryimage\"},\"image\":{\"@id\":\"https:\/\/patateetpetitetete.com\/index.php\/produit\/mini-mois-juillet-2024\/#primaryimage\"},\"thumbnailUrl\":\"https:\/\/patateetpetitetete.com\/wp-content\/uploads\/2024\/03\/Mini-mois-Juillet-2024.png\",\"datePublished\":\"2024-03-08T13:00:36+00:00\",\"dateModified\":\"2024-03-08T13:01:22+00:00\",\"description\":\"Mini mois autocollant pour customiser son bullet journal. Illustration faite \u00e0 l'aquarelle, imprim\u00e9e et d\u00e9coup\u00e9e \u00e0 la main.\",\"breadcrumb\":{\"@id\":\"https:\/\/patateetpetitetete.com\/index.php\/produit\/mini-mois-juillet-2024\/#breadcrumb\"},\"inLanguage\":\"fr-FR\",\"potentialAction\":[{\"@type\":\"ReadAction\",\"target\":[\"https:\/\/patateetpetitetete.com\/index.php\/produit\/mini-mois-juillet-2024\/\"]}]},{\"@type\":\"ImageObject\",\"inLanguage\":\"fr-FR\",\"@id\":\"https:\/\/patateetpetitetete.com\/index.php\/produit\/mini-mois-juillet-2024\/#primaryimage\",\"url\":\"https:\/\/patateetpetitetete.com\/wp-content\/uploads\/2024\/03\/Mini-mois-Juillet-2024.png\",\"contentUrl\":\"https:\/\/patateetpetitetete.com\/wp-content\/uploads\/2024\/03\/Mini-mois-Juillet-2024.png\",\"width\":621,\"height\":844},{\"@type\":\"BreadcrumbList\",\"@id\":\"https:\/\/patateetpetitetete.com\/index.php\/produit\/mini-mois-juillet-2024\/#breadcrumb\",\"itemListElement\":[{\"@type\":\"ListItem\",\"position\":1,\"name\":\"Accueil\",\"item\":\"https:\/\/patateetpetitetete.com\/\"},{\"@type\":\"ListItem\",\"position\":2,\"name\":\"Boutique\",\"item\":\"https:\/\/patateetpetitetete.com\/index.php\/boutique\/\"},{\"@type\":\"ListItem\",\"position\":3,\"name\":\"Mini mois &#8211; Juillet 2024\"}]},{\"@type\":\"WebSite\",\"@id\":\"https:\/\/patateetpetitetete.com\/#website\",\"url\":\"https:\/\/patateetpetitetete.com\/\",\"name\":\"\",\"description\":\"\",\"potentialAction\":[{\"@type\":\"SearchAction\",\"target\":{\"@type\":\"EntryPoint\",\"urlTemplate\":\"https:\/\/patateetpetitetete.com\/?s={search_term_string}\"},\"query-input\":{\"@type\":\"PropertyValueSpecification\",\"valueRequired\":true,\"valueName\":\"search_term_string\"}}],\"inLanguage\":\"fr-FR\"}]}<\/script>\n<!-- \/ Yoast SEO plugin. -->","yoast_head_json":{"title":"Mini mois - Juillet 2024 - Patate et petite t\u00eate","description":"Mini mois autocollant pour customiser son bullet journal. Illustration faite \u00e0 l'aquarelle, imprim\u00e9e et d\u00e9coup\u00e9e \u00e0 la main.","robots":{"index":"index","follow":"follow","max-snippet":"max-snippet:-1","max-image-preview":"max-image-preview:large","max-video-preview":"max-video-preview:-1"},"canonical":"https:\/\/patateetpetitetete.com\/index.php\/produit\/mini-mois-juillet-2024\/","og_locale":"fr_FR","og_type":"article","og_title":"Mini mois - Juillet 2024 - Patate et petite t\u00eate","og_description":"Mini mois autocollant pour customiser son bullet journal. Illustration faite \u00e0 l'aquarelle, imprim\u00e9e et d\u00e9coup\u00e9e \u00e0 la main.","og_url":"https:\/\/patateetpetitetete.com\/index.php\/produit\/mini-mois-juillet-2024\/","article_modified_time":"2024-03-08T13:01:22+00:00","og_image":[{"width":621,"height":844,"url":"https:\/\/patateetpetitetete.com\/wp-content\/uploads\/2024\/03\/Mini-mois-Juillet-2024.png","type":"image\/png"}],"twitter_card":"summary_large_image","twitter_misc":{"Dur\u00e9e de lecture estim\u00e9e":"1 minute"},"schema":{"@context":"https:\/\/schema.org","@graph":[{"@type":"WebPage","@id":"https:\/\/patateetpetitetete.com\/index.php\/produit\/mini-mois-juillet-2024\/","url":"https:\/\/patateetpetitetete.com\/index.php\/produit\/mini-mois-juillet-2024\/","name":"Mini mois - Juillet 2024 - Patate et petite t\u00eate","isPartOf":{"@id":"https:\/\/patateetpetitetete.com\/#website"},"primaryImageOfPage":{"@id":"https:\/\/patateetpetitetete.com\/index.php\/produit\/mini-mois-juillet-2024\/#primaryimage"},"image":{"@id":"https:\/\/patateetpetitetete.com\/index.php\/produit\/mini-mois-juillet-2024\/#primaryimage"},"thumbnailUrl":"https:\/\/patateetpetitetete.com\/wp-content\/uploads\/2024\/03\/Mini-mois-Juillet-2024.png","datePublished":"2024-03-08T13:00:36+00:00","dateModified":"2024-03-08T13:01:22+00:00","description":"Mini mois autocollant pour customiser son bullet journal. Illustration faite \u00e0 l'aquarelle, imprim\u00e9e et d\u00e9coup\u00e9e \u00e0 la main.","breadcrumb":{"@id":"https:\/\/patateetpetitetete.com\/index.php\/produit\/mini-mois-juillet-2024\/#breadcrumb"},"inLanguage":"fr-FR","potentialAction":[{"@type":"ReadAction","target":["https:\/\/patateetpetitetete.com\/index.php\/produit\/mini-mois-juillet-2024\/"]}]},{"@type":"ImageObject","inLanguage":"fr-FR","@id":"https:\/\/patateetpetitetete.com\/index.php\/produit\/mini-mois-juillet-2024\/#primaryimage","url":"https:\/\/patateetpetitetete.com\/wp-content\/uploads\/2024\/03\/Mini-mois-Juillet-2024.png","contentUrl":"https:\/\/patateetpetitetete.com\/wp-content\/uploads\/2024\/03\/Mini-mois-Juillet-2024.png","width":621,"height":844},{"@type":"BreadcrumbList","@id":"https:\/\/patateetpetitetete.com\/index.php\/produit\/mini-mois-juillet-2024\/#breadcrumb","itemListElement":[{"@type":"ListItem","position":1,"name":"Accueil","item":"https:\/\/patateetpetitetete.com\/"},{"@type":"ListItem","position":2,"name":"Boutique","item":"https:\/\/patateetpetitetete.com\/index.php\/boutique\/"},{"@type":"ListItem","position":3,"name":"Mini mois &#8211; Juillet 2024"}]},{"@type":"WebSite","@id":"https:\/\/patateetpetitetete.com\/#website","url":"https:\/\/patateetpetitetete.com\/","name":"","description":"","potentialAction":[{"@type":"SearchAction","target":{"@type":"EntryPoint","urlTemplate":"https:\/\/patateetpetitetete.com\/?s={search_term_string}"},"query-input":{"@type":"PropertyValueSpecification","valueRequired":true,"valueName":"search_term_string"}}],"inLanguage":"fr-FR"}]}},"_links":{"self":[{"href":"https:\/\/patateetpetitetete.com\/index.php\/wp-json\/wp\/v2\/product\/2485","targetHints":{"allow":["GET"]}}],"collection":[{"href":"https:\/\/patateetpetitetete.com\/index.php\/wp-json\/wp\/v2\/product"}],"about":[{"href":"https:\/\/patateetpetitetete.com\/index.php\/wp-json\/wp\/v2\/types\/product"}],"replies":[{"embeddable":true,"href":"https:\/\/patateetpetitetete.com\/index.php\/wp-json\/wp\/v2\/comments?post=2485"}],"wp:featuredmedia":[{"embeddable":true,"href":"https:\/\/patateetpetitetete.com\/index.php\/wp-json\/wp\/v2\/media\/2486"}],"wp:attachment":[{"href":"https:\/\/patateetpetitetete.com\/index.php\/wp-json\/wp\/v2\/media?parent=2485"}],"wp:term":[{"taxonomy":"product_brand","embeddable":true,"href":"https:\/\/patateetpetitetete.com\/index.php\/wp-json\/wp\/v2\/product_brand?post=2485"},{"taxonomy":"product_cat","embeddable":true,"href":"https:\/\/patateetpetitetete.com\/index.php\/wp-json\/wp\/v2\/product_cat?post=2485"},{"taxonomy":"product_tag","embeddable":true,"href":"https:\/\/patateetpetitetete.com\/index.php\/wp-json\/wp\/v2\/product_tag?post=2485"}],"curies":[{"name":"wp","href":"https:\/\/api.w.org\/{rel}","templated":true}]}}