{"id":466,"date":"2022-04-02T20:12:06","date_gmt":"2022-04-02T18:12:06","guid":{"rendered":"https:\/\/patateetpetitetete.com\/?page_id=466"},"modified":"2022-04-02T20:20:02","modified_gmt":"2022-04-02T18:20:02","slug":"conditions-generales-de-vente","status":"publish","type":"page","link":"https:\/\/patateetpetitetete.com\/index.php\/conditions-generales-de-vente\/","title":{"rendered":"Conditions g\u00e9n\u00e9rales de vente"},"content":{"rendered":"\t\t<div data-elementor-type=\"wp-page\" data-elementor-id=\"466\" class=\"elementor elementor-466\">\n\t\t\t\t\t\t<section class=\"elementor-section elementor-top-section elementor-element elementor-element-51fb514 elementor-section-boxed elementor-section-height-default elementor-section-height-default\" data-id=\"51fb514\" data-element_type=\"section\">\n\t\t\t\t\t\t<div class=\"elementor-container elementor-column-gap-default\">\n\t\t\t\t\t<div class=\"elementor-column elementor-col-100 elementor-top-column elementor-element elementor-element-4409bc2\" data-id=\"4409bc2\" data-element_type=\"column\">\n\t\t\t<div class=\"elementor-widget-wrap elementor-element-populated\">\n\t\t\t\t\t\t<div class=\"elementor-element elementor-element-833bbf9 elementor-widget elementor-widget-heading\" data-id=\"833bbf9\" data-element_type=\"widget\" data-widget_type=\"heading.default\">\n\t\t\t\t<div class=\"elementor-widget-container\">\n\t\t\t\t\t<h1 class=\"elementor-heading-title elementor-size-default\">Conditions g\u00e9n\u00e9rales de vente<\/h1>\t\t\t\t<\/div>\n\t\t\t\t<\/div>\n\t\t\t\t<div class=\"elementor-element elementor-element-346b3fa elementor-widget elementor-widget-heading\" data-id=\"346b3fa\" data-element_type=\"widget\" data-widget_type=\"heading.default\">\n\t\t\t\t<div class=\"elementor-widget-container\">\n\t\t\t\t\t<h2 class=\"elementor-heading-title elementor-size-default\">1. Nature des conditions g\u00e9n\u00e9rales de vente<\/h2>\t\t\t\t<\/div>\n\t\t\t\t<\/div>\n\t\t\t\t<div class=\"elementor-element elementor-element-2ecce1e elementor-widget elementor-widget-text-editor\" data-id=\"2ecce1e\" data-element_type=\"widget\" data-widget_type=\"text-editor.default\">\n\t\t\t\t<div class=\"elementor-widget-container\">\n\t\t\t\t\t\t\t\t\t<p class=\"p1\">Les conditions g\u00e9n\u00e9rales de vente s\u2019appliquent au site internet www.patateetpetitetete.com<\/p>\t\t\t\t\t\t\t\t<\/div>\n\t\t\t\t<\/div>\n\t\t\t\t<div class=\"elementor-element elementor-element-095cc5e elementor-widget elementor-widget-heading\" data-id=\"095cc5e\" data-element_type=\"widget\" data-widget_type=\"heading.default\">\n\t\t\t\t<div class=\"elementor-widget-container\">\n\t\t\t\t\t<h2 class=\"elementor-heading-title elementor-size-default\">2. Nature de l'activit\u00e9<\/h2>\t\t\t\t<\/div>\n\t\t\t\t<\/div>\n\t\t\t\t<div class=\"elementor-element elementor-element-e64e173 elementor-widget elementor-widget-text-editor\" data-id=\"e64e173\" data-element_type=\"widget\" data-widget_type=\"text-editor.default\">\n\t\t\t\t<div class=\"elementor-widget-container\">\n\t\t\t\t\t\t\t\t\t<p class=\"p1\">Le site internet commercialise des produits<span class=\"Apple-converted-space\"> de papeterie: cartes, marque-pages, autocollants, pin&rsquo;s.\u00a0<\/span><\/p>\t\t\t\t\t\t\t\t<\/div>\n\t\t\t\t<\/div>\n\t\t\t\t<div class=\"elementor-element elementor-element-a35c2e2 elementor-widget elementor-widget-heading\" data-id=\"a35c2e2\" data-element_type=\"widget\" data-widget_type=\"heading.default\">\n\t\t\t\t<div class=\"elementor-widget-container\">\n\t\t\t\t\t<h2 class=\"elementor-heading-title elementor-size-default\">3. Le site internet<\/h2>\t\t\t\t<\/div>\n\t\t\t\t<\/div>\n\t\t\t\t<div class=\"elementor-element elementor-element-7e7a94e elementor-widget elementor-widget-text-editor\" data-id=\"7e7a94e\" data-element_type=\"widget\" data-widget_type=\"text-editor.default\">\n\t\t\t\t<div class=\"elementor-widget-container\">\n\t\t\t\t\t\t\t\t\t<p>Le site s&rsquo;appelle wwww.patateetpetitetete.com<\/p>\t\t\t\t\t\t\t\t<\/div>\n\t\t\t\t<\/div>\n\t\t\t\t<div class=\"elementor-element elementor-element-59033e3 elementor-widget elementor-widget-heading\" data-id=\"59033e3\" data-element_type=\"widget\" data-widget_type=\"heading.default\">\n\t\t\t\t<div class=\"elementor-widget-container\">\n\t\t\t\t\t<h2 class=\"elementor-heading-title elementor-size-default\">4. Le vendeur<\/h2>\t\t\t\t<\/div>\n\t\t\t\t<\/div>\n\t\t\t\t<div class=\"elementor-element elementor-element-df5ad09 elementor-widget elementor-widget-text-editor\" data-id=\"df5ad09\" data-element_type=\"widget\" data-widget_type=\"text-editor.default\">\n\t\t\t\t<div class=\"elementor-widget-container\">\n\t\t\t\t\t\t\t\t\t<p class=\"p1\">Le vendeur est une personne physique assujettie au r\u00e9gime de la micro entreprise:\u00a0<\/p><p class=\"p1\">Charlotte Michel<\/p><p class=\"p1\">6 avenue Fauconnet<\/p><p class=\"p1\">13210 Saint R\u00e9my de Provence<\/p><p class=\"p1\">0642757163<\/p><p class=\"p1\">patateetpetitetete[at]gmail.com<\/p><p class=\"p1\">Num\u00e9ro d\u2019inscription au R\u00e9pertoire des m\u00e9tiers en cours d\u2019immatriculation<\/p>\t\t\t\t\t\t\t\t<\/div>\n\t\t\t\t<\/div>\n\t\t\t\t<div class=\"elementor-element elementor-element-942014d elementor-widget elementor-widget-heading\" data-id=\"942014d\" data-element_type=\"widget\" data-widget_type=\"heading.default\">\n\t\t\t\t<div class=\"elementor-widget-container\">\n\t\t\t\t\t<h2 class=\"elementor-heading-title elementor-size-default\">5. Territoires concern\u00e9s par la vente<\/h2>\t\t\t\t<\/div>\n\t\t\t\t<\/div>\n\t\t\t\t<div class=\"elementor-element elementor-element-d852ee4 elementor-widget elementor-widget-text-editor\" data-id=\"d852ee4\" data-element_type=\"widget\" data-widget_type=\"text-editor.default\">\n\t\t\t\t<div class=\"elementor-widget-container\">\n\t\t\t\t\t\t\t\t\t<p>La vente concerne uniquement la France m\u00e9tropolitaine.<\/p>\t\t\t\t\t\t\t\t<\/div>\n\t\t\t\t<\/div>\n\t\t\t\t<div class=\"elementor-element elementor-element-836fcb6 elementor-widget elementor-widget-heading\" data-id=\"836fcb6\" data-element_type=\"widget\" data-widget_type=\"heading.default\">\n\t\t\t\t<div class=\"elementor-widget-container\">\n\t\t\t\t\t<h2 class=\"elementor-heading-title elementor-size-default\">6. Produits propos\u00e9s \u00e0 la vente<\/h2>\t\t\t\t<\/div>\n\t\t\t\t<\/div>\n\t\t\t\t<div class=\"elementor-element elementor-element-61101cb elementor-widget elementor-widget-text-editor\" data-id=\"61101cb\" data-element_type=\"widget\" data-widget_type=\"text-editor.default\">\n\t\t\t\t<div class=\"elementor-widget-container\">\n\t\t\t\t\t\t\t\t\t<p>Les produits propos\u00e9s \u00e0 la vente sont : des cartes, des marque-pages, des autocollants, des pin&rsquo;s.<\/p>\t\t\t\t\t\t\t\t<\/div>\n\t\t\t\t<\/div>\n\t\t\t\t<div class=\"elementor-element elementor-element-0b39586 elementor-widget elementor-widget-heading\" data-id=\"0b39586\" data-element_type=\"widget\" data-widget_type=\"heading.default\">\n\t\t\t\t<div class=\"elementor-widget-container\">\n\t\t\t\t\t<h2 class=\"elementor-heading-title elementor-size-default\">7. Prix<\/h2>\t\t\t\t<\/div>\n\t\t\t\t<\/div>\n\t\t\t\t<div class=\"elementor-element elementor-element-7c7c790 elementor-widget elementor-widget-text-editor\" data-id=\"7c7c790\" data-element_type=\"widget\" data-widget_type=\"text-editor.default\">\n\t\t\t\t<div class=\"elementor-widget-container\">\n\t\t\t\t\t\t\t\t\t<p>Les prix sont indiqu\u00e9s en euros et s&rsquo;entendent nets de taxes: comme en dispose l&rsquo;article 293B du code g\u00e9n\u00e9ral des imp\u00f4ts, la TVA n&rsquo;est pas applicable. Des frais de livraison s&rsquo;appliquent en sus du prix de vente.\u00a0<\/p>\t\t\t\t\t\t\t\t<\/div>\n\t\t\t\t<\/div>\n\t\t\t\t<div class=\"elementor-element elementor-element-90c5e6c elementor-widget elementor-widget-heading\" data-id=\"90c5e6c\" data-element_type=\"widget\" data-widget_type=\"heading.default\">\n\t\t\t\t<div class=\"elementor-widget-container\">\n\t\t\t\t\t<h2 class=\"elementor-heading-title elementor-size-default\">8. Conditions de paiement<\/h2>\t\t\t\t<\/div>\n\t\t\t\t<\/div>\n\t\t\t\t<div class=\"elementor-element elementor-element-d34d32a elementor-widget elementor-widget-text-editor\" data-id=\"d34d32a\" data-element_type=\"widget\" data-widget_type=\"text-editor.default\">\n\t\t\t\t<div class=\"elementor-widget-container\">\n\t\t\t\t\t\t\t\t\t<p>Le moyen de paiement autoris\u00e9 est par carte bancaire, le paiement intervient d\u00e8s la passation de la commande. Les paiements s&rsquo;effectuent par Stripe pour WooCommerce.\u00a0<\/p>\t\t\t\t\t\t\t\t<\/div>\n\t\t\t\t<\/div>\n\t\t\t\t<div class=\"elementor-element elementor-element-ccd8477 elementor-widget elementor-widget-heading\" data-id=\"ccd8477\" data-element_type=\"widget\" data-widget_type=\"heading.default\">\n\t\t\t\t<div class=\"elementor-widget-container\">\n\t\t\t\t\t<h2 class=\"elementor-heading-title elementor-size-default\">9. Espace et compte client<\/h2>\t\t\t\t<\/div>\n\t\t\t\t<\/div>\n\t\t\t\t<div class=\"elementor-element elementor-element-841a0ec elementor-widget elementor-widget-text-editor\" data-id=\"841a0ec\" data-element_type=\"widget\" data-widget_type=\"text-editor.default\">\n\t\t\t\t<div class=\"elementor-widget-container\">\n\t\t\t\t\t\t\t\t\t<p>Les commandes ne n\u00e9cessitent pas de compte client mais l&rsquo;acheteur a la possibilit\u00e9 d&rsquo;en cr\u00e9er un. Pour activer le programme de fid\u00e9lit\u00e9, la cr\u00e9ation d&rsquo;un compte client est n\u00e9cessaire.\u00a0<\/p>\t\t\t\t\t\t\t\t<\/div>\n\t\t\t\t<\/div>\n\t\t\t\t<div class=\"elementor-element elementor-element-1de4200 elementor-widget elementor-widget-heading\" data-id=\"1de4200\" data-element_type=\"widget\" data-widget_type=\"heading.default\">\n\t\t\t\t<div class=\"elementor-widget-container\">\n\t\t\t\t\t<h2 class=\"elementor-heading-title elementor-size-default\">10. Commandes<\/h2>\t\t\t\t<\/div>\n\t\t\t\t<\/div>\n\t\t\t\t<div class=\"elementor-element elementor-element-9f68670 elementor-widget elementor-widget-text-editor\" data-id=\"9f68670\" data-element_type=\"widget\" data-widget_type=\"text-editor.default\">\n\t\t\t\t<div class=\"elementor-widget-container\">\n\t\t\t\t\t\t\t\t\t<p class=\"p1\">Le client choisi un produit qu\u2019il met dans son panier, produit qu\u2019il pourra modifier ou supprimer avant de valider sa commande et d\u2019accepter les pr\u00e9sentes conditions g\u00e9n\u00e9rales de vente. Il rentrera ensuite ses coordonn\u00e9es et choisira le mode de livraison. Apr\u00e8s validation des informations, la commande sera consid\u00e9r\u00e9e comme d\u00e9finitive et exigera le paiement de la part du client selon les modalit\u00e9s pr\u00e9vues.<span class=\"Apple-converted-space\">\u00a0<\/span><\/p>\t\t\t\t\t\t\t\t<\/div>\n\t\t\t\t<\/div>\n\t\t\t\t<div class=\"elementor-element elementor-element-f9a9774 elementor-widget elementor-widget-heading\" data-id=\"f9a9774\" data-element_type=\"widget\" data-widget_type=\"heading.default\">\n\t\t\t\t<div class=\"elementor-widget-container\">\n\t\t\t\t\t<h2 class=\"elementor-heading-title elementor-size-default\">11. Livraison<\/h2>\t\t\t\t<\/div>\n\t\t\t\t<\/div>\n\t\t\t\t<div class=\"elementor-element elementor-element-b37e6b7 elementor-widget elementor-widget-text-editor\" data-id=\"b37e6b7\" data-element_type=\"widget\" data-widget_type=\"text-editor.default\">\n\t\t\t\t<div class=\"elementor-widget-container\">\n\t\t\t\t\t\t\t\t\t<p>La livraison uniquement vers la France m\u00e9tropolitaine. L&rsquo;envoi des produits s&rsquo;effectuent sous maximum trois jours ouvr\u00e9s, la livraison sous 5 jours ouvr\u00e9s \u00e0 partir de la date d&rsquo;exp\u00e9dition.\u00a0<\/p><p>Le vendeur n&rsquo;est pas responsable de l&rsquo;\u00e9tat de la commande apr\u00e8s exp\u00e9dition. Le d\u00e9lai de r\u00e9clamation est de 7 jours apr\u00e8s r\u00e9ception de la commande.\u00a0<\/p>\t\t\t\t\t\t\t\t<\/div>\n\t\t\t\t<\/div>\n\t\t\t\t<div class=\"elementor-element elementor-element-5d9a460 elementor-widget elementor-widget-heading\" data-id=\"5d9a460\" data-element_type=\"widget\" data-widget_type=\"heading.default\">\n\t\t\t\t<div class=\"elementor-widget-container\">\n\t\t\t\t\t<h2 class=\"elementor-heading-title elementor-size-default\">12. Transfert de la propri\u00e9t\u00e9<\/h2>\t\t\t\t<\/div>\n\t\t\t\t<\/div>\n\t\t\t\t<div class=\"elementor-element elementor-element-c2d8da2 elementor-widget elementor-widget-text-editor\" data-id=\"c2d8da2\" data-element_type=\"widget\" data-widget_type=\"text-editor.default\">\n\t\t\t\t<div class=\"elementor-widget-container\">\n\t\t\t\t\t\t\t\t\t<p>La propri\u00e9t\u00e9 des produits vendues est transf\u00e9r\u00e9e apr\u00e8s paiement complet.\u00a0<\/p>\t\t\t\t\t\t\t\t<\/div>\n\t\t\t\t<\/div>\n\t\t\t\t<div class=\"elementor-element elementor-element-96329d7 elementor-widget elementor-widget-heading\" data-id=\"96329d7\" data-element_type=\"widget\" data-widget_type=\"heading.default\">\n\t\t\t\t<div class=\"elementor-widget-container\">\n\t\t\t\t\t<h2 class=\"elementor-heading-title elementor-size-default\">13. Annulation de la commande et droit de r\u00e9tractation<\/h2>\t\t\t\t<\/div>\n\t\t\t\t<\/div>\n\t\t\t\t<div class=\"elementor-element elementor-element-578c13a elementor-widget elementor-widget-text-editor\" data-id=\"578c13a\" data-element_type=\"widget\" data-widget_type=\"text-editor.default\">\n\t\t\t\t<div class=\"elementor-widget-container\">\n\t\t\t\t\t\t\t\t\t<p>L&rsquo;acheteur b\u00e9n\u00e9ficie d&rsquo;un d\u00e9lai l\u00e9gal de r\u00e9tractation de 14 jours. L&rsquo;acheteur peut annuler sa commande jusqu&rsquo;\u00e0 l&rsquo;envoi de celle ci.\u00a0<\/p>\t\t\t\t\t\t\t\t<\/div>\n\t\t\t\t<\/div>\n\t\t\t\t<div class=\"elementor-element elementor-element-aefef63 elementor-widget elementor-widget-heading\" data-id=\"aefef63\" data-element_type=\"widget\" data-widget_type=\"heading.default\">\n\t\t\t\t<div class=\"elementor-widget-container\">\n\t\t\t\t\t<h2 class=\"elementor-heading-title elementor-size-default\">14. Responsabilit\u00e9 de vendeur - Garanties<\/h2>\t\t\t\t<\/div>\n\t\t\t\t<\/div>\n\t\t\t\t<div class=\"elementor-element elementor-element-85ffc3d elementor-widget elementor-widget-text-editor\" data-id=\"85ffc3d\" data-element_type=\"widget\" data-widget_type=\"text-editor.default\">\n\t\t\t\t<div class=\"elementor-widget-container\">\n\t\t\t\t\t\t\t\t\t<p>Le d\u00e9lai maximal de remboursement est de 14 jours.\u00a0<\/p>\t\t\t\t\t\t\t\t<\/div>\n\t\t\t\t<\/div>\n\t\t\t\t<div class=\"elementor-element elementor-element-0e5f866 elementor-widget elementor-widget-heading\" data-id=\"0e5f866\" data-element_type=\"widget\" data-widget_type=\"heading.default\">\n\t\t\t\t<div class=\"elementor-widget-container\">\n\t\t\t\t\t<h2 class=\"elementor-heading-title elementor-size-default\">15. Traitement des donn\u00e9es personnelles<\/h2>\t\t\t\t<\/div>\n\t\t\t\t<\/div>\n\t\t\t\t<div class=\"elementor-element elementor-element-6e2fc9d elementor-widget elementor-widget-text-editor\" data-id=\"6e2fc9d\" data-element_type=\"widget\" data-widget_type=\"text-editor.default\">\n\t\t\t\t<div class=\"elementor-widget-container\">\n\t\t\t\t\t\t\t\t\t<p class=\"p1\">Traitement des donn\u00e9es personnelles\u00a0 uniquement pour la vente des produits et leur livraison.<\/p><p class=\"p1\">Sont collect\u00e9es comme information uniquement les pr\u00e9noms, noms, adresse postale et adresse e-mail (en plus des donn\u00e9es pour le paiement bancaire).<\/p><p class=\"p1\">Les donn\u00e9es personnelles collect\u00e9es sont r\u00e9serv\u00e9es \u00e0 l&rsquo;entreprise et d&rsquo;autres prestataires partenaires (livraison, prestataire de paiement).<\/p><p class=\"p1\">Le vendeur lui-m\u00eame est responsable des donn\u00e9es personnelles. Pour supprimer ses donn\u00e9es personnelles, le client peut contacter le vendeur \u00e0 patateetpetitetete[at]gmail.com<\/p>\t\t\t\t\t\t\t\t<\/div>\n\t\t\t\t<\/div>\n\t\t\t\t\t<\/div>\n\t\t<\/div>\n\t\t\t\t\t<\/div>\n\t\t<\/section>\n\t\t\t\t<\/div>\n\t\t","protected":false},"excerpt":{"rendered":"<p>Conditions g\u00e9n\u00e9rales de vente 1. Nature des conditions g\u00e9n\u00e9rales de vente Les conditions g\u00e9n\u00e9rales de vente s\u2019appliquent au site internet www.patateetpetitetete.com 2. Nature de l&rsquo;activit\u00e9 Le site internet commercialise des produits de papeterie: cartes, marque-pages, autocollants, pin&rsquo;s.\u00a0 3. Le site internet Le site s&rsquo;appelle wwww.patateetpetitetete.com 4. Le vendeur Le vendeur est une personne physique assujettie [&hellip;]<\/p>\n","protected":false},"author":1,"featured_media":0,"parent":0,"menu_order":0,"comment_status":"closed","ping_status":"closed","template":"","meta":{"ocean_post_layout":"","ocean_both_sidebars_style":"","ocean_both_sidebars_content_width":0,"ocean_both_sidebars_sidebars_width":0,"ocean_sidebar":"","ocean_second_sidebar":"","ocean_disable_margins":"enable","ocean_add_body_class":"","ocean_shortcode_before_top_bar":"","ocean_shortcode_after_top_bar":"","ocean_shortcode_before_header":"","ocean_shortcode_after_header":"","ocean_has_shortcode":"","ocean_shortcode_after_title":"","ocean_shortcode_before_footer_widgets":"","ocean_shortcode_after_footer_widgets":"","ocean_shortcode_before_footer_bottom":"","ocean_shortcode_after_footer_bottom":"","ocean_display_top_bar":"default","ocean_display_header":"default","ocean_header_style":"","ocean_center_header_left_menu":"","ocean_custom_header_template":"","ocean_custom_logo":0,"ocean_custom_retina_logo":0,"ocean_custom_logo_max_width":0,"ocean_custom_logo_tablet_max_width":0,"ocean_custom_logo_mobile_max_width":0,"ocean_custom_logo_max_height":0,"ocean_custom_logo_tablet_max_height":0,"ocean_custom_logo_mobile_max_height":0,"ocean_header_custom_menu":"","ocean_menu_typo_font_family":"","ocean_menu_typo_font_subset":"","ocean_menu_typo_font_size":0,"ocean_menu_typo_font_size_tablet":0,"ocean_menu_typo_font_size_mobile":0,"ocean_menu_typo_font_size_unit":"px","ocean_menu_typo_font_weight":"","ocean_menu_typo_font_weight_tablet":"","ocean_menu_typo_font_weight_mobile":"","ocean_menu_typo_transform":"","ocean_menu_typo_transform_tablet":"","ocean_menu_typo_transform_mobile":"","ocean_menu_typo_line_height":0,"ocean_menu_typo_line_height_tablet":0,"ocean_menu_typo_line_height_mobile":0,"ocean_menu_typo_line_height_unit":"","ocean_menu_typo_spacing":0,"ocean_menu_typo_spacing_tablet":0,"ocean_menu_typo_spacing_mobile":0,"ocean_menu_typo_spacing_unit":"","ocean_menu_link_color":"","ocean_menu_link_color_hover":"","ocean_menu_link_color_active":"","ocean_menu_link_background":"","ocean_menu_link_hover_background":"","ocean_menu_link_active_background":"","ocean_menu_social_links_bg":"","ocean_menu_social_hover_links_bg":"","ocean_menu_social_links_color":"","ocean_menu_social_hover_links_color":"","ocean_disable_title":"default","ocean_disable_heading":"default","ocean_post_title":"","ocean_post_subheading":"","ocean_post_title_style":"","ocean_post_title_background_color":"","ocean_post_title_background":0,"ocean_post_title_bg_image_position":"","ocean_post_title_bg_image_attachment":"","ocean_post_title_bg_image_repeat":"","ocean_post_title_bg_image_size":"","ocean_post_title_height":0,"ocean_post_title_bg_overlay":0.5,"ocean_post_title_bg_overlay_color":"","ocean_disable_breadcrumbs":"default","ocean_breadcrumbs_color":"","ocean_breadcrumbs_separator_color":"","ocean_breadcrumbs_links_color":"","ocean_breadcrumbs_links_hover_color":"","ocean_display_footer_widgets":"default","ocean_display_footer_bottom":"default","ocean_custom_footer_template":"","footnotes":""},"class_list":["post-466","page","type-page","status-publish","hentry","entry","owp-thumbs-layout-horizontal","owp-btn-big","owp-tabs-layout-horizontal","has-no-thumbnails","has-product-nav"],"yoast_head":"<!-- This site is optimized with the Yoast SEO plugin v25.7 - https:\/\/yoast.com\/wordpress\/plugins\/seo\/ -->\n<title>Conditions g\u00e9n\u00e9rales de vente -<\/title>\n<meta name=\"robots\" content=\"index, follow, max-snippet:-1, max-image-preview:large, max-video-preview:-1\" \/>\n<link rel=\"canonical\" href=\"https:\/\/patateetpetitetete.com\/index.php\/conditions-generales-de-vente\/\" \/>\n<meta property=\"og:locale\" content=\"fr_FR\" \/>\n<meta property=\"og:type\" content=\"article\" \/>\n<meta property=\"og:title\" content=\"Conditions g\u00e9n\u00e9rales de vente -\" \/>\n<meta property=\"og:description\" content=\"Conditions g\u00e9n\u00e9rales de vente 1. Nature des conditions g\u00e9n\u00e9rales de vente Les conditions g\u00e9n\u00e9rales de vente s\u2019appliquent au site internet www.patateetpetitetete.com 2. Nature de l&rsquo;activit\u00e9 Le site internet commercialise des produits de papeterie: cartes, marque-pages, autocollants, pin&rsquo;s.\u00a0 3. Le site internet Le site s&rsquo;appelle wwww.patateetpetitetete.com 4. Le vendeur Le vendeur est une personne physique assujettie [&hellip;]\" \/>\n<meta property=\"og:url\" content=\"https:\/\/patateetpetitetete.com\/index.php\/conditions-generales-de-vente\/\" \/>\n<meta property=\"article:modified_time\" content=\"2022-04-02T18:20:02+00:00\" \/>\n<meta name=\"twitter:card\" content=\"summary_large_image\" \/>\n<meta name=\"twitter:label1\" content=\"Dur\u00e9e de lecture estim\u00e9e\" \/>\n\t<meta name=\"twitter:data1\" content=\"3 minutes\" \/>\n<script type=\"application\/ld+json\" class=\"yoast-schema-graph\">{\"@context\":\"https:\/\/schema.org\",\"@graph\":[{\"@type\":\"WebPage\",\"@id\":\"https:\/\/patateetpetitetete.com\/index.php\/conditions-generales-de-vente\/\",\"url\":\"https:\/\/patateetpetitetete.com\/index.php\/conditions-generales-de-vente\/\",\"name\":\"Conditions g\u00e9n\u00e9rales de vente -\",\"isPartOf\":{\"@id\":\"https:\/\/patateetpetitetete.com\/#website\"},\"datePublished\":\"2022-04-02T18:12:06+00:00\",\"dateModified\":\"2022-04-02T18:20:02+00:00\",\"breadcrumb\":{\"@id\":\"https:\/\/patateetpetitetete.com\/index.php\/conditions-generales-de-vente\/#breadcrumb\"},\"inLanguage\":\"fr-FR\",\"potentialAction\":[{\"@type\":\"ReadAction\",\"target\":[\"https:\/\/patateetpetitetete.com\/index.php\/conditions-generales-de-vente\/\"]}]},{\"@type\":\"BreadcrumbList\",\"@id\":\"https:\/\/patateetpetitetete.com\/index.php\/conditions-generales-de-vente\/#breadcrumb\",\"itemListElement\":[{\"@type\":\"ListItem\",\"position\":1,\"name\":\"Accueil\",\"item\":\"https:\/\/patateetpetitetete.com\/\"},{\"@type\":\"ListItem\",\"position\":2,\"name\":\"Conditions g\u00e9n\u00e9rales de vente\"}]},{\"@type\":\"WebSite\",\"@id\":\"https:\/\/patateetpetitetete.com\/#website\",\"url\":\"https:\/\/patateetpetitetete.com\/\",\"name\":\"\",\"description\":\"\",\"potentialAction\":[{\"@type\":\"SearchAction\",\"target\":{\"@type\":\"EntryPoint\",\"urlTemplate\":\"https:\/\/patateetpetitetete.com\/?s={search_term_string}\"},\"query-input\":{\"@type\":\"PropertyValueSpecification\",\"valueRequired\":true,\"valueName\":\"search_term_string\"}}],\"inLanguage\":\"fr-FR\"}]}<\/script>\n<!-- \/ Yoast SEO plugin. -->","yoast_head_json":{"title":"Conditions g\u00e9n\u00e9rales de vente -","robots":{"index":"index","follow":"follow","max-snippet":"max-snippet:-1","max-image-preview":"max-image-preview:large","max-video-preview":"max-video-preview:-1"},"canonical":"https:\/\/patateetpetitetete.com\/index.php\/conditions-generales-de-vente\/","og_locale":"fr_FR","og_type":"article","og_title":"Conditions g\u00e9n\u00e9rales de vente -","og_description":"Conditions g\u00e9n\u00e9rales de vente 1. Nature des conditions g\u00e9n\u00e9rales de vente Les conditions g\u00e9n\u00e9rales de vente s\u2019appliquent au site internet www.patateetpetitetete.com 2. Nature de l&rsquo;activit\u00e9 Le site internet commercialise des produits de papeterie: cartes, marque-pages, autocollants, pin&rsquo;s.\u00a0 3. Le site internet Le site s&rsquo;appelle wwww.patateetpetitetete.com 4. Le vendeur Le vendeur est une personne physique assujettie [&hellip;]","og_url":"https:\/\/patateetpetitetete.com\/index.php\/conditions-generales-de-vente\/","article_modified_time":"2022-04-02T18:20:02+00:00","twitter_card":"summary_large_image","twitter_misc":{"Dur\u00e9e de lecture estim\u00e9e":"3 minutes"},"schema":{"@context":"https:\/\/schema.org","@graph":[{"@type":"WebPage","@id":"https:\/\/patateetpetitetete.com\/index.php\/conditions-generales-de-vente\/","url":"https:\/\/patateetpetitetete.com\/index.php\/conditions-generales-de-vente\/","name":"Conditions g\u00e9n\u00e9rales de vente -","isPartOf":{"@id":"https:\/\/patateetpetitetete.com\/#website"},"datePublished":"2022-04-02T18:12:06+00:00","dateModified":"2022-04-02T18:20:02+00:00","breadcrumb":{"@id":"https:\/\/patateetpetitetete.com\/index.php\/conditions-generales-de-vente\/#breadcrumb"},"inLanguage":"fr-FR","potentialAction":[{"@type":"ReadAction","target":["https:\/\/patateetpetitetete.com\/index.php\/conditions-generales-de-vente\/"]}]},{"@type":"BreadcrumbList","@id":"https:\/\/patateetpetitetete.com\/index.php\/conditions-generales-de-vente\/#breadcrumb","itemListElement":[{"@type":"ListItem","position":1,"name":"Accueil","item":"https:\/\/patateetpetitetete.com\/"},{"@type":"ListItem","position":2,"name":"Conditions g\u00e9n\u00e9rales de vente"}]},{"@type":"WebSite","@id":"https:\/\/patateetpetitetete.com\/#website","url":"https:\/\/patateetpetitetete.com\/","name":"","description":"","potentialAction":[{"@type":"SearchAction","target":{"@type":"EntryPoint","urlTemplate":"https:\/\/patateetpetitetete.com\/?s={search_term_string}"},"query-input":{"@type":"PropertyValueSpecification","valueRequired":true,"valueName":"search_term_string"}}],"inLanguage":"fr-FR"}]}},"_links":{"self":[{"href":"https:\/\/patateetpetitetete.com\/index.php\/wp-json\/wp\/v2\/pages\/466","targetHints":{"allow":["GET"]}}],"collection":[{"href":"https:\/\/patateetpetitetete.com\/index.php\/wp-json\/wp\/v2\/pages"}],"about":[{"href":"https:\/\/patateetpetitetete.com\/index.php\/wp-json\/wp\/v2\/types\/page"}],"author":[{"embeddable":true,"href":"https:\/\/patateetpetitetete.com\/index.php\/wp-json\/wp\/v2\/users\/1"}],"replies":[{"embeddable":true,"href":"https:\/\/patateetpetitetete.com\/index.php\/wp-json\/wp\/v2\/comments?post=466"}],"version-history":[{"count":6,"href":"https:\/\/patateetpetitetete.com\/index.php\/wp-json\/wp\/v2\/pages\/466\/revisions"}],"predecessor-version":[{"id":472,"href":"https:\/\/patateetpetitetete.com\/index.php\/wp-json\/wp\/v2\/pages\/466\/revisions\/472"}],"wp:attachment":[{"href":"https:\/\/patateetpetitetete.com\/index.php\/wp-json\/wp\/v2\/media?parent=466"}],"curies":[{"name":"wp","href":"https:\/\/api.w.org\/{rel}","templated":true}]}}